Last updated on 2019-03-27 00:48:07 CET.
Flavor | Version | Tinstall | Tcheck | Ttotal | Status | Flags |
---|---|---|---|---|---|---|
r-devel-linux-x86_64-debian-clang | 1.1.6 | 65.05 | 42.32 | 107.37 | OK | |
r-devel-linux-x86_64-debian-gcc | 1.1.6 | 52.10 | 34.33 | 86.43 | WARN | |
r-devel-linux-x86_64-fedora-clang | 1.1.6 | 161.19 | NOTE | |||
r-devel-linux-x86_64-fedora-gcc | 1.1.6 | 145.70 | WARN | |||
r-devel-windows-ix86+x86_64 | 1.1.6 | 211.00 | 99.00 | 310.00 | OK | |
r-patched-linux-x86_64 | 1.1.6 | 59.36 | 40.86 | 100.22 | OK | |
r-patched-solaris-x86 | 1.1.6 | 138.60 | OK | |||
r-release-linux-x86_64 | 1.1.6 | 59.24 | 41.10 | 100.34 | OK | |
r-release-windows-ix86+x86_64 | 1.1.6 | 211.00 | 78.00 | 289.00 | OK | |
r-release-osx-x86_64 | 1.1.6 | NOTE | ||||
r-oldrel-windows-ix86+x86_64 | 1.1.6 | 166.00 | 104.00 | 270.00 | OK | |
r-oldrel-osx-x86_64 | 1.1.6 | NOTE |
Version: 1.1.6
Check: whether package can be installed
Result: WARN
Found the following significant warnings:
connection.cpp:67:36: warning: catching polymorphic type ‘class nanodbc::database_error’ by value [-Wcatch-value=]
odbc_connection.cpp:37:36: warning: catching polymorphic type ‘class nanodbc::database_error’ by value [-Wcatch-value=]
odbc_connection.cpp:75:36: warning: catching polymorphic type ‘class nanodbc::database_error’ by value [-Wcatch-value=]
Flavors: r-devel-linux-x86_64-debian-gcc, r-devel-linux-x86_64-fedora-gcc
Version: 1.1.6
Check: installed package size
Result: NOTE
installed size is 5.8Mb
sub-directories of 1Mb or more:
libs 5.5Mb
Flavors: r-devel-linux-x86_64-fedora-clang, r-release-osx-x86_64, r-oldrel-osx-x86_64