CRAN Package Check Results for Package openNLP

Last updated on 2019-03-27 00:48:07 CET.

Flavor Version Tinstall Tcheck Ttotal Status Flags
r-devel-linux-x86_64-debian-clang 0.2-6 2.96 40.91 43.87 NOTE
r-devel-linux-x86_64-debian-gcc 0.2-6 2.84 33.62 36.46 NOTE
r-devel-linux-x86_64-fedora-clang 0.2-6 55.21 NOTE
r-devel-linux-x86_64-fedora-gcc 0.2-6 54.31 NOTE
r-devel-windows-ix86+x86_64 0.2-6 10.00 59.00 69.00 NOTE
r-patched-linux-x86_64 0.2-6 2.12 40.42 42.54 NOTE
r-patched-solaris-x86 0.2-6 66.60 NOTE
r-release-linux-x86_64 0.2-6 2.48 39.95 42.43 NOTE
r-release-windows-ix86+x86_64 0.2-6 4.00 44.00 48.00 NOTE
r-release-osx-x86_64 0.2-6 NOTE
r-oldrel-windows-ix86+x86_64 0.2-6 4.00 65.00 69.00 NOTE
r-oldrel-osx-x86_64 0.2-6 NOTE

Check Details

Version: 0.2-6
Check: package dependencies
Result: NOTE
    Package suggested but not available for checking: 'openNLPmodels.en'
Flavors: r-devel-linux-x86_64-debian-clang, r-devel-linux-x86_64-debian-gcc, r-devel-linux-x86_64-fedora-clang, r-devel-linux-x86_64-fedora-gcc, r-devel-windows-ix86+x86_64, r-patched-linux-x86_64, r-patched-solaris-x86, r-release-linux-x86_64, r-release-windows-ix86+x86_64, r-release-osx-x86_64, r-oldrel-windows-ix86+x86_64, r-oldrel-osx-x86_64