CRAN Package Check Results for Package openSTARS

Last updated on 2019-03-27 00:48:07 CET.

Flavor Version Tinstall Tcheck Ttotal Status Flags
r-devel-linux-x86_64-debian-clang 1.1.0 10.83 100.75 111.58 OK
r-devel-linux-x86_64-debian-gcc 1.1.0 11.22 82.81 94.03 OK
r-devel-linux-x86_64-fedora-clang 1.1.0 139.86 NOTE
r-devel-linux-x86_64-fedora-gcc 1.1.0 139.00 NOTE
r-devel-windows-ix86+x86_64 1.1.0 30.00 119.00 149.00 OK
r-patched-linux-x86_64 1.1.0 7.39 96.61 104.00 OK
r-patched-solaris-x86 1.1.0 219.40 NOTE
r-release-linux-x86_64 1.1.0 8.31 94.86 103.17 OK
r-release-windows-ix86+x86_64 1.1.0 29.00 125.00 154.00 OK
r-release-osx-x86_64 1.1.0 NOTE
r-oldrel-windows-ix86+x86_64 1.1.0 17.00 170.00 187.00 OK
r-oldrel-osx-x86_64 1.1.0 NOTE

Check Details

Version: 1.1.0
Check: dependencies in R code
Result: NOTE
    Namespace in Imports field not imported from: ‘sf’
     All declared Imports should be used.
Flavors: r-devel-linux-x86_64-fedora-clang, r-devel-linux-x86_64-fedora-gcc, r-patched-solaris-x86, r-release-osx-x86_64, r-oldrel-osx-x86_64