CRAN Package Check Results for Package oppr

Last updated on 2019-03-27 00:48:07 CET.

Flavor Version Tinstall Tcheck Ttotal Status Flags
r-devel-linux-x86_64-debian-clang 0.0.2 188.08 127.86 315.94 NOTE
r-devel-linux-x86_64-debian-gcc 0.0.2 155.74 102.03 257.77 NOTE
r-devel-linux-x86_64-fedora-clang 0.0.2 466.79 NOTE
r-devel-linux-x86_64-fedora-gcc 0.0.2 447.92 NOTE
r-devel-windows-ix86+x86_64 0.0.2 427.00 272.00 699.00 NOTE
r-patched-linux-x86_64 0.0.2 180.45 122.26 302.71 NOTE
r-patched-solaris-x86 0.0.2 436.00 NOTE
r-release-linux-x86_64 0.0.2 183.97 120.83 304.80 NOTE
r-release-windows-ix86+x86_64 0.0.2 552.00 269.00 821.00 NOTE
r-release-osx-x86_64 0.0.1 NOTE
r-oldrel-windows-ix86+x86_64 0.0.2 356.00 240.00 596.00 NOTE
r-oldrel-osx-x86_64 0.0.1 NOTE

Check Details

Version: 0.0.2
Check: package dependencies
Result: NOTE
    Package suggested but not available for checking: 'gurobi'
Flavors: r-devel-linux-x86_64-debian-clang, r-devel-linux-x86_64-debian-gcc, r-devel-linux-x86_64-fedora-clang, r-devel-linux-x86_64-fedora-gcc, r-devel-windows-ix86+x86_64, r-patched-linux-x86_64, r-release-linux-x86_64, r-release-windows-ix86+x86_64, r-oldrel-windows-ix86+x86_64

Version: 0.0.2
Check: package dependencies
Result: NOTE
    Packages suggested but not available for checking:
     ‘gurobi’ ‘Rsymphony’ ‘lpsymphony’
Flavor: r-patched-solaris-x86

Version: 0.0.1
Check: package dependencies
Result: NOTE
    Packages suggested but not available for checking:
     ‘gurobi’ ‘Rsymphony’ ‘lpsymphony’
Flavors: r-release-osx-x86_64, r-oldrel-osx-x86_64