CRAN Package Check Results for Package osmplotr

Last updated on 2019-03-27 00:48:07 CET.

Flavor Version Tinstall Tcheck Ttotal Status Flags
r-devel-linux-x86_64-debian-clang 0.3.2 12.14 224.15 236.29 OK
r-devel-linux-x86_64-debian-gcc 0.3.2 10.91 171.52 182.43 OK
r-devel-linux-x86_64-fedora-clang 0.3.2 281.97 NOTE
r-devel-linux-x86_64-fedora-gcc 0.3.2 274.16 OK
r-devel-windows-ix86+x86_64 0.3.2 27.00 320.00 347.00 NOTE
r-patched-linux-x86_64 0.3.2 10.43 213.96 224.39 OK
r-patched-solaris-x86 0.3.2 397.30 NOTE
r-release-linux-x86_64 0.3.2 11.37 213.72 225.09 OK
r-release-windows-ix86+x86_64 0.3.2 28.00 293.00 321.00 NOTE
r-release-osx-x86_64 0.3.2 NOTE
r-oldrel-windows-ix86+x86_64 0.3.2 17.00 282.00 299.00 NOTE
r-oldrel-osx-x86_64 0.3.2 NOTE

Check Details

Version: 0.3.2
Check: installed package size
Result: NOTE
     installed size is 8.1Mb
     sub-directories of 1Mb or more:
     doc 7.2Mb
Flavors: r-devel-linux-x86_64-fedora-clang, r-devel-windows-ix86+x86_64, r-patched-solaris-x86, r-release-windows-ix86+x86_64, r-release-osx-x86_64, r-oldrel-windows-ix86+x86_64, r-oldrel-osx-x86_64