Last updated on 2019-03-27 00:48:07 CET.
Flavor | Version | Tinstall | Tcheck | Ttotal | Status | Flags |
---|---|---|---|---|---|---|
r-devel-linux-x86_64-debian-clang | 0.2-0 | 1.81 | 30.92 | 32.73 | WARN | |
r-devel-linux-x86_64-debian-gcc | 0.2-0 | 1.49 | 24.51 | 26.00 | OK | |
r-devel-linux-x86_64-fedora-clang | 0.2-0 | 39.74 | OK | |||
r-devel-linux-x86_64-fedora-gcc | 0.2-0 | 38.69 | OK | |||
r-devel-windows-ix86+x86_64 | 0.2-0 | 7.00 | 47.00 | 54.00 | OK | |
r-patched-linux-x86_64 | 0.2-0 | 0.88 | 29.38 | 30.26 | OK | |
r-patched-solaris-x86 | 0.2-0 | 44.80 | OK | |||
r-release-linux-x86_64 | 0.2-0 | 1.12 | 29.63 | 30.75 | OK | |
r-release-windows-ix86+x86_64 | 0.2-0 | 4.00 | 39.00 | 43.00 | OK | |
r-release-osx-x86_64 | 0.2-0 | OK | ||||
r-oldrel-windows-ix86+x86_64 | 0.2-0 | 2.00 | 54.00 | 56.00 | WARN | |
r-oldrel-osx-x86_64 | 0.2-0 | OK |
Version: 0.2-0
Check: whether package can be installed
Result: WARN
Found the following significant warnings:
Warning: unable to re-encode 'utilities.R' lines 1, 29
Flavor: r-devel-linux-x86_64-debian-clang
Version: 0.2-0
Check: for unstated dependencies in examples
Result: WARN
Warning in parse(file = files, n = -1L) :
invalid input found on input connection 'overture-Ex.R'
Flavor: r-oldrel-windows-ix86+x86_64