Last updated on 2019-03-27 00:48:07 CET.
Flavor | Version | Tinstall | Tcheck | Ttotal | Status | Flags |
---|---|---|---|---|---|---|
r-devel-linux-x86_64-debian-clang | 0.9.3 | 2.02 | 22.01 | 24.03 | NOTE | |
r-devel-linux-x86_64-debian-gcc | 0.9.3 | 1.67 | 17.86 | 19.53 | NOTE | |
r-devel-linux-x86_64-fedora-clang | 0.9.3 | 28.78 | NOTE | |||
r-devel-linux-x86_64-fedora-gcc | 0.9.3 | 28.49 | NOTE | |||
r-devel-windows-ix86+x86_64 | 0.9.3 | 8.00 | 45.00 | 53.00 | NOTE | |
r-patched-linux-x86_64 | 0.9.3 | 0.97 | 20.28 | 21.25 | NOTE | |
r-patched-solaris-x86 | 0.9.3 | 43.30 | NOTE | |||
r-release-linux-x86_64 | 0.9.3 | 1.17 | 20.14 | 21.31 | NOTE | |
r-release-windows-ix86+x86_64 | 0.9.3 | 3.00 | 34.00 | 37.00 | NOTE | |
r-release-osx-x86_64 | 0.9.3 | NOTE | ||||
r-oldrel-windows-ix86+x86_64 | 0.9.3 | 4.00 | 33.00 | 37.00 | NOTE | |
r-oldrel-osx-x86_64 | 0.9.3 | NOTE |
Version: 0.9.3
Check: R code for possible problems
Result: NOTE
[,ClassW: warning in switch(EXP = i, u1 = {: partial argument match of
'EXP' to 'EXPR'
[,ClassW: warning in return(x@u1): partial argument match of 'EXP' to
'EXPR'
[,ClassW: warning in }, u2 = {: partial argument match of 'EXP' to
'EXPR'
[,ClassW: warning in return(x@u2): partial argument match of 'EXP' to
'EXPR'
[,ClassW: warning in }, w1 = {: partial argument match of 'EXP' to
'EXPR'
[,ClassW: warning in return(x@w1): partial argument match of 'EXP' to
'EXPR'
[,ClassW: warning in }): partial argument match of 'EXP' to 'EXPR'
[<-,ClassW: warning in switch(EXP = i, u1 = {: partial argument match
of 'EXP' to 'EXPR'
[<-,ClassW: warning in x@u1 <- value: partial argument match of 'EXP'
to 'EXPR'
[<-,ClassW: warning in }, u2 = {: partial argument match of 'EXP' to
'EXPR'
[<-,ClassW: warning in x@u2 <- value: partial argument match of 'EXP'
to 'EXPR'
[<-,ClassW: warning in }, w1 = {: partial argument match of 'EXP' to
'EXPR'
[<-,ClassW: warning in x@w1 <- value: partial argument match of 'EXP'
to 'EXPR'
[<-,ClassW: warning in }): partial argument match of 'EXP' to 'EXPR'
Flavors: r-devel-linux-x86_64-debian-clang, r-devel-linux-x86_64-debian-gcc, r-devel-linux-x86_64-fedora-clang, r-devel-linux-x86_64-fedora-gcc, r-devel-windows-ix86+x86_64, r-patched-linux-x86_64, r-patched-solaris-x86, r-release-linux-x86_64, r-release-windows-ix86+x86_64, r-release-osx-x86_64, r-oldrel-windows-ix86+x86_64, r-oldrel-osx-x86_64