Last updated on 2019-03-27 00:48:07 CET.
Flavor | Version | Tinstall | Tcheck | Ttotal | Status | Flags |
---|---|---|---|---|---|---|
r-devel-linux-x86_64-debian-clang | 0.3.1 | 110.45 | 345.82 | 456.27 | OK | |
r-devel-linux-x86_64-debian-gcc | 0.3.1 | 88.25 | 228.13 | 316.38 | OK | |
r-devel-linux-x86_64-fedora-clang | 0.3.1 | 632.70 | NOTE | |||
r-devel-linux-x86_64-fedora-gcc | 0.3.1 | 579.38 | OK | |||
r-devel-windows-ix86+x86_64 | 0.3.1 | 218.00 | 709.00 | 927.00 | OK | |
r-patched-linux-x86_64 | 0.3.1 | 109.84 | 345.85 | 455.69 | OK | |
r-patched-solaris-x86 | 0.3.1 | 676.50 | OK | |||
r-release-linux-x86_64 | 0.3.1 | 108.82 | 343.13 | 451.95 | OK | |
r-release-windows-ix86+x86_64 | 0.3.1 | 268.00 | 823.00 | 1091.00 | OK | |
r-release-osx-x86_64 | 0.3.1 | NOTE | ||||
r-oldrel-windows-ix86+x86_64 | 0.3.1 | 205.00 | 778.00 | 983.00 | OK | |
r-oldrel-osx-x86_64 | 0.3.1 | OK |
Version: 0.3.1
Check: installed package size
Result: NOTE
installed size is 5.8Mb
sub-directories of 1Mb or more:
libs 5.5Mb
Flavors: r-devel-linux-x86_64-fedora-clang, r-release-osx-x86_64