CRAN Package Check Results for Package parsemsf

Last updated on 2019-03-27 00:48:08 CET.

Flavor Version Tinstall Tcheck Ttotal Status Flags
r-devel-linux-x86_64-debian-clang 0.1.1 3.44 41.77 45.21 OK
r-devel-linux-x86_64-debian-gcc 0.1.1 2.94 32.98 35.92 OK
r-devel-linux-x86_64-fedora-clang 0.1.1 54.79 NOTE
r-devel-linux-x86_64-fedora-gcc 0.1.1 52.74 NOTE
r-devel-windows-ix86+x86_64 0.1.1 8.00 59.00 67.00 OK
r-patched-linux-x86_64 0.1.1 2.54 40.64 43.18 OK
r-patched-solaris-x86 0.1.1 77.00 NOTE
r-release-linux-x86_64 0.1.1 2.44 40.59 43.03 OK
r-release-windows-ix86+x86_64 0.1.1 8.00 80.00 88.00 OK
r-release-osx-x86_64 0.1.1 NOTE
r-oldrel-windows-ix86+x86_64 0.1.1 6.00 85.00 91.00 OK
r-oldrel-osx-x86_64 0.1.1 NOTE

Check Details

Version: 0.1.1
Check: dependencies in R code
Result: NOTE
    Namespace in Imports field not imported from: ‘dbplyr’
     All declared Imports should be used.
Flavors: r-devel-linux-x86_64-fedora-clang, r-devel-linux-x86_64-fedora-gcc, r-patched-solaris-x86, r-release-osx-x86_64, r-oldrel-osx-x86_64