CRAN Package Check Results for Package peRiodiCS

Last updated on 2019-03-27 00:48:08 CET.

Flavor Version Tinstall Tcheck Ttotal Status Flags
r-devel-linux-x86_64-debian-clang 0.5.0 8.14 77.54 85.68 OK
r-devel-linux-x86_64-debian-gcc 0.5.0 7.62 60.65 68.27 OK
r-devel-linux-x86_64-fedora-clang 0.5.0 105.00 NOTE
r-devel-linux-x86_64-fedora-gcc 0.5.0 101.07 NOTE
r-devel-windows-ix86+x86_64 0.5.0 23.00 139.00 162.00 OK
r-patched-linux-x86_64 0.5.0 6.26 74.19 80.45 OK
r-patched-solaris-x86 0.5.0 148.40 NOTE
r-release-linux-x86_64 0.5.0 5.47 72.95 78.42 OK
r-release-windows-ix86+x86_64 0.5.0 24.00 96.00 120.00 OK
r-release-osx-x86_64 0.5.0 NOTE
r-oldrel-windows-ix86+x86_64 0.5.0 13.00 132.00 145.00 OK
r-oldrel-osx-x86_64 0.5.0 NOTE

Check Details

Version: 0.5.0
Check: dependencies in R code
Result: NOTE
    Namespace in Imports field not imported from: ‘rms’
     All declared Imports should be used.
Flavors: r-devel-linux-x86_64-fedora-clang, r-devel-linux-x86_64-fedora-gcc, r-patched-solaris-x86, r-release-osx-x86_64, r-oldrel-osx-x86_64