CRAN Package Check Results for Package penalizedSVM

Last updated on 2019-03-27 00:48:08 CET.

Flavor Version Tinstall Tcheck Ttotal Status Flags
r-devel-linux-x86_64-debian-clang 1.1.2 4.95 36.15 41.10 OK
r-devel-linux-x86_64-debian-gcc 1.1.2 4.52 27.94 32.46 OK
r-devel-linux-x86_64-fedora-clang 1.1.2 50.29 NOTE
r-devel-linux-x86_64-fedora-gcc 1.1.2 48.69 NOTE
r-devel-windows-ix86+x86_64 1.1.2 13.00 66.00 79.00 OK
r-patched-linux-x86_64 1.1.2 4.09 34.89 38.98 OK
r-patched-solaris-x86 1.1.2 66.30 NOTE
r-release-linux-x86_64 1.1.2 4.99 33.71 38.70 OK
r-release-windows-ix86+x86_64 1.1.2 10.00 50.00 60.00 OK
r-release-osx-x86_64 1.1.2 NOTE
r-oldrel-windows-ix86+x86_64 1.1.2 4.00 48.00 52.00 OK
r-oldrel-osx-x86_64 1.1.2 NOTE

Check Details

Version: 1.1.2
Check: dependencies in R code
Result: NOTE
    Namespace in Imports field not imported from: ‘lhs’
     All declared Imports should be used.
Flavors: r-devel-linux-x86_64-fedora-clang, r-devel-linux-x86_64-fedora-gcc, r-patched-solaris-x86, r-release-osx-x86_64, r-oldrel-osx-x86_64