Last updated on 2019-03-27 00:48:08 CET.
Flavor | Version | Tinstall | Tcheck | Ttotal | Status | Flags |
---|---|---|---|---|---|---|
r-devel-linux-x86_64-debian-clang | 1.1.0 | 7.13 | 42.55 | 49.68 | OK | |
r-devel-linux-x86_64-debian-gcc | 1.1.0 | 5.55 | 33.00 | 38.55 | OK | |
r-devel-linux-x86_64-fedora-clang | 1.1.0 | 58.40 | OK | |||
r-devel-linux-x86_64-fedora-gcc | 1.1.0 | 55.23 | OK | |||
r-devel-windows-ix86+x86_64 | 1.1.0 | 12.00 | 54.00 | 66.00 | OK | |
r-patched-linux-x86_64 | 1.1.0 | 4.78 | 39.60 | 44.38 | OK | |
r-patched-solaris-x86 | 1.1.0 | 72.90 | OK | |||
r-release-linux-x86_64 | 1.1.0 | 4.11 | 39.29 | 43.40 | OK | |
r-release-windows-ix86+x86_64 | 1.1.0 | 13.00 | 56.00 | 69.00 | OK | |
r-release-osx-x86_64 | 1.1.0 | OK | ||||
r-oldrel-windows-ix86+x86_64 | 1.1.0 | 6.00 | 71.00 | 77.00 | OK | |
r-oldrel-osx-x86_64 | 1.1.0 | NOTE |
Version: 1.1.0
Check: package dependencies
Result: NOTE
Package suggested but not available for checking: ‘devtools’
Flavor: r-oldrel-osx-x86_64