Last updated on 2019-03-27 00:48:08 CET.
Flavor | Version | Tinstall | Tcheck | Ttotal | Status | Flags |
---|---|---|---|---|---|---|
r-devel-linux-x86_64-debian-clang | 7.3 | 16.54 | 110.45 | 126.99 | WARN | |
r-devel-linux-x86_64-debian-gcc | 7.3 | 15.78 | 82.54 | 98.32 | OK | |
r-devel-linux-x86_64-fedora-clang | 7.3 | 146.74 | OK | |||
r-devel-linux-x86_64-fedora-gcc | 7.3 | 143.31 | OK | |||
r-devel-windows-ix86+x86_64 | 7.3 | 32.00 | 157.00 | 189.00 | OK | |
r-patched-linux-x86_64 | 7.3 | 12.96 | 104.82 | 117.78 | OK | |
r-patched-solaris-x86 | 7.3 | 184.00 | OK | |||
r-release-linux-x86_64 | 7.3 | 13.05 | 102.35 | 115.40 | OK | |
r-release-windows-ix86+x86_64 | 7.3 | 32.00 | 114.00 | 146.00 | OK | |
r-release-osx-x86_64 | 7.3 | OK | ||||
r-oldrel-windows-ix86+x86_64 | 7.3 | 12.00 | 161.00 | 173.00 | OK | |
r-oldrel-osx-x86_64 | 7.3 | OK |
Version: 7.3
Check: whether package can be installed
Result: WARN
Found the following significant warnings:
Warning: unable to re-encode 'phenology-package.R' lines 30, 44
Flavor: r-devel-linux-x86_64-debian-clang