Last updated on 2019-03-27 00:48:08 CET.
Flavor | Version | Tinstall | Tcheck | Ttotal | Status | Flags |
---|---|---|---|---|---|---|
r-devel-linux-x86_64-debian-clang | 0.2.0 | 79.23 | 135.46 | 214.69 | NOTE | |
r-devel-linux-x86_64-debian-gcc | 0.2.0 | 59.62 | 106.95 | 166.57 | NOTE | |
r-devel-linux-x86_64-fedora-clang | 0.2.0 | 346.15 | NOTE | |||
r-devel-linux-x86_64-fedora-gcc | 0.2.0 | 317.33 | NOTE | |||
r-devel-windows-ix86+x86_64 | 0.2.0 | 198.00 | 217.00 | 415.00 | OK | |
r-patched-linux-x86_64 | 0.2.0 | 65.67 | 124.38 | 190.05 | NOTE | |
r-patched-solaris-x86 | 0.2.0 | 1593.30 | NOTE | |||
r-release-linux-x86_64 | 0.2.0 | 66.65 | 122.87 | 189.52 | NOTE | |
r-release-windows-ix86+x86_64 | 0.2.0 | 208.00 | 195.00 | 403.00 | OK | |
r-release-osx-x86_64 | 0.2.0 | OK | ||||
r-oldrel-windows-ix86+x86_64 | 0.2.0 | 153.00 | 273.00 | 426.00 | OK | |
r-oldrel-osx-x86_64 | 0.2.0 | OK |
Version: 0.2.0
Check: package dependencies
Result: NOTE
Package suggested but not available for checking: 'OutbreakTools'
Flavors: r-devel-linux-x86_64-debian-clang, r-devel-linux-x86_64-debian-gcc, r-devel-linux-x86_64-fedora-clang, r-devel-linux-x86_64-fedora-gcc, r-patched-linux-x86_64, r-patched-solaris-x86, r-release-linux-x86_64