Last updated on 2019-03-27 00:48:09 CET.
Flavor | Version | Tinstall | Tcheck | Ttotal | Status | Flags |
---|---|---|---|---|---|---|
r-devel-linux-x86_64-debian-clang | 0.1.1 | 9.84 | 55.57 | 65.41 | OK | |
r-devel-linux-x86_64-debian-gcc | 0.1.1 | 8.29 | 42.80 | 51.09 | OK | |
r-devel-linux-x86_64-fedora-clang | 0.1.1 | 76.14 | NOTE | |||
r-devel-linux-x86_64-fedora-gcc | 0.1.1 | 70.58 | NOTE | |||
r-devel-windows-ix86+x86_64 | 0.1.1 | 16.00 | 71.00 | 87.00 | OK | |
r-patched-linux-x86_64 | 0.1.1 | 8.47 | 51.95 | 60.42 | OK | |
r-patched-solaris-x86 | 0.1.1 | 95.70 | NOTE | |||
r-release-linux-x86_64 | 0.1.1 | 7.37 | 51.62 | 58.99 | OK | |
r-release-windows-ix86+x86_64 | 0.1.1 | 17.00 | 68.00 | 85.00 | OK | |
r-release-osx-x86_64 | 0.1.1 | NOTE | ||||
r-oldrel-windows-ix86+x86_64 | 0.1.1 | 8.00 | 91.00 | 99.00 | OK | |
r-oldrel-osx-x86_64 | 0.1.1 | NOTE |
Version: 0.1.1
Check: dependencies in R code
Result: NOTE
Namespaces in Imports field not imported from:
‘GGally’ ‘PKNCA’ ‘grid’ ‘magrittr’ ‘plyr’
All declared Imports should be used.
Flavors: r-devel-linux-x86_64-fedora-clang, r-devel-linux-x86_64-fedora-gcc, r-patched-solaris-x86, r-release-osx-x86_64, r-oldrel-osx-x86_64