Last updated on 2019-03-27 00:48:09 CET.
Flavor | Version | Tinstall | Tcheck | Ttotal | Status | Flags |
---|---|---|---|---|---|---|
r-devel-linux-x86_64-debian-clang | 0.1-7 | 2.21 | 16.57 | 18.78 | OK | |
r-devel-linux-x86_64-debian-gcc | 0.1-7 | 1.82 | 13.43 | 15.25 | OK | |
r-devel-linux-x86_64-fedora-clang | 0.1-7 | 23.22 | NOTE | |||
r-devel-linux-x86_64-fedora-gcc | 0.1-7 | 22.16 | NOTE | |||
r-devel-windows-ix86+x86_64 | 0.1-7 | 17.00 | 43.00 | 60.00 | OK | |
r-patched-linux-x86_64 | 0.1-7 | 1.74 | 15.38 | 17.12 | OK | |
r-patched-solaris-x86 | 0.1-7 | 32.90 | OK | |||
r-release-linux-x86_64 | 0.1-7 | 1.61 | 15.28 | 16.89 | OK | |
r-release-windows-ix86+x86_64 | 0.1-7 | 9.00 | 31.00 | 40.00 | OK | |
r-release-osx-x86_64 | 0.1-7 | OK | ||||
r-oldrel-windows-ix86+x86_64 | 0.1-7 | 11.00 | 42.00 | 53.00 | OK | |
r-oldrel-osx-x86_64 | 0.1-7 | OK |
Version: 0.1-7
Check: compiled code
Result: NOTE
File ‘png/libs/png.so’:
Found no calls to: ‘R_registerRoutines’, ‘R_useDynamicSymbols’
It is good practice to register native routines and to disable symbol
search.
See ‘Writing portable packages’ in the ‘Writing R Extensions’ manual.
Flavors: r-devel-linux-x86_64-fedora-clang, r-devel-linux-x86_64-fedora-gcc