Last updated on 2019-03-27 00:48:09 CET.
Flavor | Version | Tinstall | Tcheck | Ttotal | Status | Flags |
---|---|---|---|---|---|---|
r-devel-linux-x86_64-debian-clang | 0.0-3 | 7.47 | 62.89 | 70.36 | OK | |
r-devel-linux-x86_64-debian-gcc | 0.0-3 | 5.68 | 47.52 | 53.20 | OK | |
r-devel-linux-x86_64-fedora-clang | 0.0-3 | 83.70 | NOTE | |||
r-devel-linux-x86_64-fedora-gcc | 0.0-3 | 78.61 | NOTE | |||
r-devel-windows-ix86+x86_64 | 0.0-3 | 19.00 | 89.00 | 108.00 | OK | |
r-patched-linux-x86_64 | 0.0-3 | 4.44 | 59.25 | 63.69 | OK | |
r-patched-solaris-x86 | 0.0-3 | 112.60 | NOTE | |||
r-release-linux-x86_64 | 0.0-3 | 5.34 | 58.80 | 64.14 | OK | |
r-release-windows-ix86+x86_64 | 0.0-3 | 21.00 | 90.00 | 111.00 | OK | |
r-release-osx-x86_64 | 0.0-3 | NOTE | ||||
r-oldrel-windows-ix86+x86_64 | 0.0-3 | 12.00 | 126.00 | 138.00 | OK | |
r-oldrel-osx-x86_64 | 0.0-3 | NOTE |
Version: 0.0-3
Check: data for non-ASCII characters
Result: NOTE
Note: found 8 marked UTF-8 strings
Flavors: r-devel-linux-x86_64-fedora-clang, r-devel-linux-x86_64-fedora-gcc, r-patched-solaris-x86, r-release-osx-x86_64, r-oldrel-osx-x86_64