Last updated on 2019-03-27 00:48:09 CET.
Flavor | Version | Tinstall | Tcheck | Ttotal | Status | Flags |
---|---|---|---|---|---|---|
r-devel-linux-x86_64-debian-clang | 1.0.1 | 11.61 | 101.36 | 112.97 | NOTE | |
r-devel-linux-x86_64-debian-gcc | 1.0.1 | 11.49 | 78.66 | 90.15 | NOTE | |
r-devel-linux-x86_64-fedora-clang | 1.0.1 | 136.68 | NOTE | |||
r-devel-linux-x86_64-fedora-gcc | 1.0.1 | 129.17 | NOTE | |||
r-devel-windows-ix86+x86_64 | 1.0.1 | 29.00 | 201.00 | 230.00 | NOTE | |
r-patched-linux-x86_64 | 1.0.1 | 9.41 | 95.37 | 104.78 | NOTE | |
r-patched-solaris-x86 | 1.0.1 | 197.80 | NOTE | |||
r-release-linux-x86_64 | 1.0.1 | 8.85 | 96.72 | 105.57 | NOTE | |
r-release-windows-ix86+x86_64 | 1.0.1 | 28.00 | 117.00 | 145.00 | NOTE | |
r-release-osx-x86_64 | 1.0.1 | NOTE | ||||
r-oldrel-windows-ix86+x86_64 | 1.0.1 | 17.00 | 165.00 | 182.00 | NOTE | |
r-oldrel-osx-x86_64 | 1.0.1 | NOTE |
Version: 1.0.1
Check: package dependencies
Result: NOTE
Package suggested but not available for checking: 'pollimetrydata'
Flavors: r-devel-linux-x86_64-debian-clang, r-devel-linux-x86_64-debian-gcc, r-devel-linux-x86_64-fedora-clang, r-devel-linux-x86_64-fedora-gcc, r-devel-windows-ix86+x86_64, r-patched-linux-x86_64, r-patched-solaris-x86, r-release-linux-x86_64, r-release-windows-ix86+x86_64, r-release-osx-x86_64, r-oldrel-windows-ix86+x86_64, r-oldrel-osx-x86_64