Last updated on 2019-03-27 00:48:09 CET.
Flavor | Version | Tinstall | Tcheck | Ttotal | Status | Flags |
---|---|---|---|---|---|---|
r-devel-linux-x86_64-debian-clang | 1.0.19 | 416.99 | 959.64 | 1376.63 | OK | |
r-devel-linux-x86_64-debian-gcc | 1.0.19 | 335.43 | 691.67 | 1027.10 | OK | |
r-devel-linux-x86_64-fedora-clang | 1.0.19 | 1951.81 | NOTE | |||
r-devel-linux-x86_64-fedora-gcc | 1.0.19 | 1819.81 | OK | |||
r-devel-windows-ix86+x86_64 | 1.0.19 | 660.00 | 764.00 | 1424.00 | NOTE | |
r-patched-linux-x86_64 | 1.0.19 | 357.41 | 887.53 | 1244.94 | OK | |
r-patched-solaris-x86 | 1.0.19 | 2035.30 | NOTE | |||
r-release-linux-x86_64 | 1.0.19 | 356.81 | 873.45 | 1230.26 | OK | |
r-release-windows-ix86+x86_64 | 1.0.19 | 739.00 | 747.00 | 1486.00 | NOTE | |
r-release-osx-x86_64 | 1.0.19 | NOTE | ||||
r-oldrel-windows-ix86+x86_64 | 1.0.19 | 12.00 | 1024.00 | 1036.00 | OK | |
r-oldrel-osx-x86_64 | 1.0.19 | OK |
Version: 1.0.19
Check: installed package size
Result: NOTE
installed size is 10.1Mb
sub-directories of 1Mb or more:
R 6.9Mb
data 2.5Mb
Flavors: r-devel-linux-x86_64-fedora-clang, r-devel-windows-ix86+x86_64, r-patched-solaris-x86, r-release-windows-ix86+x86_64, r-release-osx-x86_64