CRAN Package Check Results for Package pop.wolf

Last updated on 2019-03-27 00:48:09 CET.

Flavor Version Tinstall Tcheck Ttotal Status Flags
r-devel-linux-x86_64-debian-clang 0.1 3.01 23.19 26.20 OK
r-devel-linux-x86_64-debian-gcc 0.1 2.33 18.41 20.74 OK
r-devel-linux-x86_64-fedora-clang 0.1 31.81 NOTE
r-devel-linux-x86_64-fedora-gcc 0.1 30.02 NOTE
r-devel-windows-ix86+x86_64 0.1 16.00 58.00 74.00 OK
r-patched-linux-x86_64 0.1 2.13 21.18 23.31 OK
r-patched-solaris-x86 0.1 46.50 OK
r-release-linux-x86_64 0.1 1.77 21.39 23.16 OK
r-release-windows-ix86+x86_64 0.1 10.00 45.00 55.00 OK
r-release-osx-x86_64 0.1 OK
r-oldrel-windows-ix86+x86_64 0.1 11.00 55.00 66.00 OK
r-oldrel-osx-x86_64 0.1 OK

Check Details

Version: 0.1
Check: compiled code
Result: NOTE
    File ‘pop.wolf/libs/pop.wolf.so’:
     Found no calls to: ‘R_registerRoutines’, ‘R_useDynamicSymbols’
    
    It is good practice to register native routines and to disable symbol
    search.
    
    See ‘Writing portable packages’ in the ‘Writing R Extensions’ manual.
Flavors: r-devel-linux-x86_64-fedora-clang, r-devel-linux-x86_64-fedora-gcc