Last updated on 2019-03-27 00:48:09 CET.
Flavor | Version | Tinstall | Tcheck | Ttotal | Status | Flags |
---|---|---|---|---|---|---|
r-devel-linux-x86_64-debian-clang | 1.2 | 1.46 | 17.93 | 19.39 | WARN | |
r-devel-linux-x86_64-debian-gcc | 1.2 | 1.30 | 14.50 | 15.80 | OK | |
r-devel-linux-x86_64-fedora-clang | 1.2 | 23.42 | OK | |||
r-devel-linux-x86_64-fedora-gcc | 1.2 | 22.25 | OK | |||
r-devel-windows-ix86+x86_64 | 1.2 | 4.00 | 52.00 | 56.00 | OK | |
r-patched-linux-x86_64 | 1.2 | 0.87 | 16.60 | 17.47 | OK | |
r-patched-solaris-x86 | 1.2 | 33.80 | OK | |||
r-release-linux-x86_64 | 1.2 | 0.84 | 16.39 | 17.23 | OK | |
r-release-windows-ix86+x86_64 | 1.2 | 4.00 | 29.00 | 33.00 | OK | |
r-release-osx-x86_64 | 1.2 | OK | ||||
r-oldrel-windows-ix86+x86_64 | 1.2 | 2.00 | 36.00 | 38.00 | OK | |
r-oldrel-osx-x86_64 | 1.2 | OK |
Version: 1.2
Check: whether package can be installed
Result: WARN
Found the following significant warnings:
Warning: unable to re-encode 'mercury.R' lines 5, 6
Flavor: r-devel-linux-x86_64-debian-clang