Last updated on 2019-03-27 00:48:10 CET.
Flavor | Version | Tinstall | Tcheck | Ttotal | Status | Flags |
---|---|---|---|---|---|---|
r-devel-linux-x86_64-debian-clang | 1.0-8 | 9.24 | 79.04 | 88.28 | OK | |
r-devel-linux-x86_64-debian-gcc | 1.0-8 | 7.74 | 62.97 | 70.71 | OK | |
r-devel-linux-x86_64-fedora-clang | 1.0-8 | 108.33 | NOTE | |||
r-devel-linux-x86_64-fedora-gcc | 1.0-8 | 101.07 | NOTE | |||
r-devel-windows-ix86+x86_64 | 1.0-8 | 21.00 | 108.00 | 129.00 | OK | |
r-patched-linux-x86_64 | 1.0-8 | 5.51 | 77.01 | 82.52 | OK | |
r-patched-solaris-x86 | 1.0-8 | 147.20 | OK | |||
r-release-linux-x86_64 | 1.0-8 | 6.21 | 77.06 | 83.27 | OK | |
r-release-windows-ix86+x86_64 | 1.0-8 | 21.00 | 113.00 | 134.00 | OK | |
r-release-osx-x86_64 | 1.0-8 | OK | ||||
r-oldrel-windows-ix86+x86_64 | 1.0-8 | 15.00 | 143.00 | 158.00 | OK | |
r-oldrel-osx-x86_64 | 1.0-8 | OK |
Version: 1.0-8
Check: compiled code
Result: NOTE
File ‘ptest/libs/ptest.so’:
Found no calls to: ‘R_registerRoutines’, ‘R_useDynamicSymbols’
It is good practice to register native routines and to disable symbol
search.
See ‘Writing portable packages’ in the ‘Writing R Extensions’ manual.
Flavors: r-devel-linux-x86_64-fedora-clang, r-devel-linux-x86_64-fedora-gcc