Last updated on 2019-03-27 00:48:10 CET.
Flavor | Version | Tinstall | Tcheck | Ttotal | Status | Flags |
---|---|---|---|---|---|---|
r-devel-linux-x86_64-debian-clang | 0.1.6 | 19.25 | 145.25 | 164.50 | NOTE | |
r-devel-linux-x86_64-debian-gcc | 0.1.6 | 15.12 | 120.76 | 135.88 | NOTE | |
r-devel-linux-x86_64-fedora-clang | 0.1.6 | 200.64 | NOTE | |||
r-devel-linux-x86_64-fedora-gcc | 0.1.6 | 198.56 | NOTE | |||
r-devel-windows-ix86+x86_64 | 0.1.6 | 31.00 | 156.00 | 187.00 | NOTE | |
r-patched-linux-x86_64 | 0.1.6 | 11.64 | 138.76 | 150.40 | NOTE | |
r-patched-solaris-x86 | 0.1.6 | 275.60 | NOTE | |||
r-release-linux-x86_64 | 0.1.6 | 13.55 | 137.71 | 151.26 | NOTE | |
r-release-windows-ix86+x86_64 | 0.1.6 | 30.00 | 162.00 | 192.00 | WARN | |
r-release-osx-x86_64 | 0.1.6 | NOTE | ||||
r-oldrel-windows-ix86+x86_64 | 0.1.6 | 24.00 | 215.00 | 239.00 | NOTE | |
r-oldrel-osx-x86_64 | 0.1.6 | NOTE |
Version: 0.1.6
Check: package dependencies
Result: NOTE
Package suggested but not available for checking: 'fastshp'
Flavors: r-devel-linux-x86_64-debian-clang, r-devel-linux-x86_64-debian-gcc, r-devel-linux-x86_64-fedora-clang, r-devel-linux-x86_64-fedora-gcc, r-devel-windows-ix86+x86_64, r-patched-linux-x86_64, r-patched-solaris-x86, r-release-linux-x86_64, r-release-windows-ix86+x86_64, r-release-osx-x86_64, r-oldrel-windows-ix86+x86_64, r-oldrel-osx-x86_64
Version: 0.1.6
Check: whether package can be installed
Result: WARN
Found the following significant warnings:
Warning: S3 methods '[.fun_list', '[.grouped_df', 'all.equal.tbl_df', 'anti_join.data.frame', 'anti_join.tbl_df', 'arrange.data.frame', 'arrange.default', 'arrange.grouped_df', 'arrange.tbl_df', 'arrange_.data.frame', 'arrange_.tbl_df', 'as.data.frame.grouped_df', 'as.data.frame.rowwise_df', 'as.data.frame.tbl_cube', 'as.table.tbl_cube', 'as.tbl.data.frame', 'as.tbl.tbl', 'as.tbl_cube.array', 'as.tbl_cube.data.frame', 'as.tbl_cube.matrix', 'as.tbl_cube.table', 'as_tibble.grouped_df', 'as_tibble.tbl_cube', 'auto_copy.tbl_cube', 'auto_copy.tbl_df', 'cbind.grouped_df', 'collapse.data.frame', 'collect.data.frame', 'common_by.NULL', 'common_by.character', 'common_by.default', 'common_by.list', 'compute.data.frame', 'copy_to.DBIConnection', 'copy_to.src_local', 'default_missing.data.frame', 'default_missing.default', 'dim.tbl_cube', 'distinct.data.frame', 'distinct.default', 'distinct.grouped_df', 'distinct.tbl_df', 'distinct_.data.frame', 'distinct_.grouped_df', 'distinct_.tbl_df', 'do.NULL', 'do.da [... truncated]
Flavor: r-release-windows-ix86+x86_64