Last updated on 2019-03-27 00:48:11 CET.
Flavor | Version | Tinstall | Tcheck | Ttotal | Status | Flags |
---|---|---|---|---|---|---|
r-devel-linux-x86_64-debian-clang | 0.1.2 | 2.14 | 37.67 | 39.81 | OK | |
r-devel-linux-x86_64-debian-gcc | 0.1.2 | 2.31 | 29.70 | 32.01 | OK | |
r-devel-linux-x86_64-fedora-clang | 0.1.2 | 49.42 | NOTE | |||
r-devel-linux-x86_64-fedora-gcc | 0.1.2 | 46.30 | NOTE | |||
r-devel-windows-ix86+x86_64 | 0.1.2 | 6.00 | 52.00 | 58.00 | OK | |
r-patched-linux-x86_64 | 0.1.2 | 1.56 | 35.89 | 37.45 | OK | |
r-patched-solaris-x86 | 0.1.2 | 66.80 | NOTE | |||
r-release-linux-x86_64 | 0.1.2 | 2.25 | 36.04 | 38.29 | OK | |
r-release-windows-ix86+x86_64 | 0.1.2 | 6.00 | 61.00 | 67.00 | OK | |
r-release-osx-x86_64 | 0.1.2 | NOTE | ||||
r-oldrel-windows-ix86+x86_64 | 0.1.2 | 3.00 | 56.00 | 59.00 | OK | |
r-oldrel-osx-x86_64 | 0.1.2 | NOTE |
Version: 0.1.2
Check: dependencies in R code
Result: NOTE
Namespaces in Imports field not imported from:
‘data.table’ ‘dplyr’ ‘lmerTest’
All declared Imports should be used.
Flavors: r-devel-linux-x86_64-fedora-clang, r-devel-linux-x86_64-fedora-gcc, r-patched-solaris-x86, r-release-osx-x86_64, r-oldrel-osx-x86_64