Last updated on 2019-03-27 00:48:11 CET.
Flavor | Version | Tinstall | Tcheck | Ttotal | Status | Flags |
---|---|---|---|---|---|---|
r-devel-linux-x86_64-debian-clang | 0.7.0 | 1.61 | 22.14 | 23.75 | OK | |
r-devel-linux-x86_64-debian-gcc | 0.7.0 | 1.36 | 17.75 | 19.11 | OK | |
r-devel-linux-x86_64-fedora-clang | 0.7.0 | 29.06 | OK | |||
r-devel-linux-x86_64-fedora-gcc | 0.7.0 | 28.21 | OK | |||
r-devel-windows-ix86+x86_64 | 0.7.0 | 4.00 | 38.00 | 42.00 | OK | |
r-patched-linux-x86_64 | 0.7.0 | 0.95 | 20.53 | 21.48 | NOTE | |
r-patched-solaris-x86 | 0.7.0 | 40.30 | OK | |||
r-release-linux-x86_64 | 0.7.0 | 0.91 | 20.55 | 21.46 | NOTE | |
r-release-windows-ix86+x86_64 | 0.7.0 | 5.00 | 36.00 | 41.00 | OK | |
r-release-osx-x86_64 | 0.7.0 | OK | ||||
r-oldrel-windows-ix86+x86_64 | 0.7.0 | 2.00 | 47.00 | 49.00 | OK | |
r-oldrel-osx-x86_64 | 0.7.0 | OK |
Version: 0.7.0
Check: DESCRIPTION meta-information
Result: NOTE
Dependence on R version ‘3.3.2’ not with patchlevel 0
Flavors: r-patched-linux-x86_64, r-release-linux-x86_64