Last updated on 2019-03-27 00:48:12 CET.
Flavor | Version | Tinstall | Tcheck | Ttotal | Status | Flags |
---|---|---|---|---|---|---|
r-devel-linux-x86_64-debian-clang | 0.7.2 | 78.78 | 96.91 | 175.69 | OK | |
r-devel-linux-x86_64-debian-gcc | 0.7.2 | 68.48 | 78.69 | 147.17 | OK | |
r-devel-linux-x86_64-fedora-clang | 0.7.2 | 249.44 | NOTE | |||
r-devel-linux-x86_64-fedora-gcc | 0.7.2 | 236.33 | OK | |||
r-devel-windows-ix86+x86_64 | 0.7.2 | 198.00 | 189.00 | 387.00 | OK | |
r-patched-linux-x86_64 | 0.7.2 | 79.44 | 90.42 | 169.86 | OK | |
r-patched-solaris-x86 | 0.7.2 | 230.70 | OK | |||
r-release-linux-x86_64 | 0.7.2 | 76.41 | 90.52 | 166.93 | OK | |
r-release-windows-ix86+x86_64 | 0.7.2 | 200.00 | 148.00 | 348.00 | OK | |
r-release-osx-x86_64 | 0.7.2 | NOTE | ||||
r-oldrel-windows-ix86+x86_64 | 0.7.2 | 163.00 | 208.00 | 371.00 | OK | |
r-oldrel-osx-x86_64 | 0.7.2 | NOTE |
Version: 0.7.2
Check: installed package size
Result: NOTE
installed size is 17.6Mb
sub-directories of 1Mb or more:
doc 2.1Mb
libs 15.2Mb
Flavors: r-devel-linux-x86_64-fedora-clang, r-release-osx-x86_64, r-oldrel-osx-x86_64