Last updated on 2019-03-27 00:48:13 CET.
Flavor | Version | Tinstall | Tcheck | Ttotal | Status | Flags |
---|---|---|---|---|---|---|
r-devel-linux-x86_64-debian-clang | 0.1.0 | 29.06 | 25.55 | 54.61 | OK | |
r-devel-linux-x86_64-debian-gcc | 0.1.0 | 25.28 | 21.15 | 46.43 | OK | |
r-devel-linux-x86_64-fedora-clang | 0.1.0 | 82.88 | NOTE | |||
r-devel-linux-x86_64-fedora-gcc | 0.1.0 | 77.13 | NOTE | |||
r-devel-windows-ix86+x86_64 | 0.1.0 | 65.00 | 57.00 | 122.00 | OK | |
r-patched-linux-x86_64 | 0.1.0 | 33.06 | 25.53 | 58.59 | OK | |
r-patched-solaris-x86 | 0.1.0 | 76.30 | OK | |||
r-release-linux-x86_64 | 0.1.0 | 32.37 | 25.23 | 57.60 | OK | |
r-release-windows-ix86+x86_64 | 0.1.0 | 72.00 | 60.00 | 132.00 | OK | |
r-release-osx-x86_64 | 0.1.0 | NOTE | ||||
r-oldrel-windows-ix86+x86_64 | 0.1.0 | 56.00 | 73.00 | 129.00 | OK | |
r-oldrel-osx-x86_64 | 0.1.0 | NOTE |
Version: 0.1.0
Check: installed package size
Result: NOTE
installed size is 11.5Mb
sub-directories of 1Mb or more:
libs 11.4Mb
Flavors: r-devel-linux-x86_64-fedora-clang, r-release-osx-x86_64, r-oldrel-osx-x86_64
Version: 0.1.0
Check: compiled code
Result: NOTE
File ‘rIsing/libs/rIsing.so’:
Found no calls to: ‘R_registerRoutines’, ‘R_useDynamicSymbols’
It is good practice to register native routines and to disable symbol
search.
See ‘Writing portable packages’ in the ‘Writing R Extensions’ manual.
Flavors: r-devel-linux-x86_64-fedora-clang, r-devel-linux-x86_64-fedora-gcc