Last updated on 2019-03-27 00:48:11 CET.
Flavor | Version | Tinstall | Tcheck | Ttotal | Status | Flags |
---|---|---|---|---|---|---|
r-devel-linux-x86_64-debian-clang | 0.3.1 | 2.33 | 21.27 | 23.60 | OK | |
r-devel-linux-x86_64-debian-gcc | 0.3.1 | 1.86 | 17.58 | 19.44 | OK | |
r-devel-linux-x86_64-fedora-clang | 0.3.1 | 28.97 | NOTE | |||
r-devel-linux-x86_64-fedora-gcc | 0.3.1 | 27.52 | NOTE | |||
r-devel-windows-ix86+x86_64 | 0.3.1 | 17.00 | 51.00 | 68.00 | OK | |
r-patched-linux-x86_64 | 0.3.1 | 1.35 | 20.09 | 21.44 | OK | |
r-patched-solaris-x86 | 0.3.1 | 43.00 | OK | |||
r-release-linux-x86_64 | 0.3.1 | 1.61 | 20.06 | 21.67 | OK | |
r-release-windows-ix86+x86_64 | 0.3.1 | 12.00 | 41.00 | 53.00 | OK | |
r-release-osx-x86_64 | 0.3.1 | OK | ||||
r-oldrel-windows-ix86+x86_64 | 0.3.1 | 8.00 | 52.00 | 60.00 | OK | |
r-oldrel-osx-x86_64 | 0.3.1 | OK |
Version: 0.3.1
Check: compiled code
Result: NOTE
File ‘rappdirs/libs/rappdirs.so’:
Found no calls to: ‘R_registerRoutines’, ‘R_useDynamicSymbols’
It is good practice to register native routines and to disable symbol
search.
See ‘Writing portable packages’ in the ‘Writing R Extensions’ manual.
Flavors: r-devel-linux-x86_64-fedora-clang, r-devel-linux-x86_64-fedora-gcc