CRAN Package Check Results for Package rattle

Last updated on 2019-03-27 00:48:11 CET.

Flavor Version Tinstall Tcheck Ttotal Status Flags
r-devel-linux-x86_64-debian-clang 5.2.0 19.61 77.02 96.63 NOTE
r-devel-linux-x86_64-debian-gcc 5.2.0 17.62 60.86 78.48 NOTE
r-devel-linux-x86_64-fedora-clang 5.2.0 127.30 NOTE
r-devel-linux-x86_64-fedora-gcc 5.2.0 114.92 NOTE
r-devel-windows-ix86+x86_64 5.2.0 30.00 90.00 120.00 NOTE
r-patched-linux-x86_64 5.2.0 17.02 75.13 92.15 NOTE
r-patched-solaris-x86 5.2.0 143.90 NOTE
r-release-linux-x86_64 5.2.0 18.80 75.24 94.04 NOTE
r-release-windows-ix86+x86_64 5.2.0 32.00 113.00 145.00 NOTE
r-release-osx-x86_64 5.2.0 NOTE
r-oldrel-windows-ix86+x86_64 5.2.0 8.00 91.00 99.00 NOTE
r-oldrel-osx-x86_64 5.2.0 NOTE

Check Details

Version: 5.2.0
Check: package dependencies
Result: NOTE
    Package suggested but not available for checking: 'playwith'
Flavors: r-devel-linux-x86_64-debian-clang, r-devel-linux-x86_64-debian-gcc, r-devel-linux-x86_64-fedora-clang, r-devel-linux-x86_64-fedora-gcc, r-patched-linux-x86_64, r-release-linux-x86_64

Version: 5.2.0
Check: installed package size
Result: NOTE
     installed size is 7.9Mb
     sub-directories of 1Mb or more:
     data 3.0Mb
     etc 1.9Mb
     po 1.2Mb
Flavors: r-devel-linux-x86_64-fedora-clang, r-devel-windows-ix86+x86_64, r-patched-solaris-x86, r-release-windows-ix86+x86_64, r-release-osx-x86_64, r-oldrel-windows-ix86+x86_64, r-oldrel-osx-x86_64

Version: 5.2.0
Check: package dependencies
Result: NOTE
    Packages suggested but not available for checking:
     ‘playwith’ ‘rggobi’ ‘xgboost’
Flavor: r-patched-solaris-x86

Version: 5.2.0
Check: package dependencies
Result: NOTE
    Packages suggested but not available for checking:
     ‘cairoDevice’ ‘gWidgetsRGtk2’ ‘playwith’ ‘rggobi’ ‘RGtk2’
     ‘RGtk2Extras’
Flavors: r-release-osx-x86_64, r-oldrel-osx-x86_64