CRAN Package Check Results for Package rdflib

Last updated on 2019-03-27 00:48:12 CET.

Flavor Version Tinstall Tcheck Ttotal Status Flags
r-devel-linux-x86_64-debian-clang 0.2.2 5.42 52.54 57.96 OK
r-devel-linux-x86_64-debian-gcc 0.2.2 4.38 41.48 45.86 OK
r-devel-linux-x86_64-fedora-clang 0.2.2 76.82 OK
r-devel-linux-x86_64-fedora-gcc 0.2.2 67.13 OK
r-devel-windows-ix86+x86_64 0.2.2 15.00 84.00 99.00 OK
r-patched-linux-x86_64 0.2.2 4.14 50.66 54.80 OK
r-patched-solaris-x86 0.2.2 98.80 WARN
r-release-linux-x86_64 0.2.2 3.63 50.95 54.58 OK
r-release-windows-ix86+x86_64 0.2.2 15.00 86.00 101.00 OK
r-release-osx-x86_64 0.2.2 WARN
r-oldrel-windows-ix86+x86_64 0.2.2 10.00 122.00 132.00 OK
r-oldrel-osx-x86_64 0.2.2 WARN

Check Details

Version: 0.2.2
Check: re-building of vignette outputs
Result: WARN
    Error in re-building vignettes:
     ...
    Warning in engine$weave(file, quiet = quiet, encoding = enc) :
     Pandoc (>= 1.12.3) and/or pandoc-citeproc not available. Falling back to R Markdown v1.
    
    Attaching package: 'dplyr'
    
    The following objects are masked from 'package:stats':
    
     filter, lag
    
    The following objects are masked from 'package:base':
    
     intersect, setdiff, setequal, union
    
    Quitting from lines 41-42 (rdf_intro.Rmd)
    Error: processing vignette 'rdf_intro.Rmd' failed with diagnostics:
    there is no package called 'webshot'
    Execution halted
Flavor: r-patched-solaris-x86

Version: 0.2.2
Check: re-building of vignette outputs
Result: WARN
    Error in re-building vignettes:
     ...
    Warning in engine$weave(file, quiet = quiet, encoding = enc) :
     Pandoc (>= 1.12.3) and/or pandoc-citeproc not available. Falling back to R Markdown v1.
    
    Attaching package: 'dplyr'
    
    The following objects are masked from 'package:stats':
    
     filter, lag
    
    The following objects are masked from 'package:base':
    
     intersect, setdiff, setequal, union
    
    Quitting from lines 41-42 (rdf_intro.Rmd)
    Error: processing vignette 'rdf_intro.Rmd' failed with diagnostics:
    cannot open the connection
    Execution halted
Flavors: r-release-osx-x86_64, r-oldrel-osx-x86_64