CRAN Package Check Results for Package recipes

Last updated on 2019-03-27 00:48:12 CET.

Flavor Version Tinstall Tcheck Ttotal Status Flags
r-devel-linux-x86_64-debian-clang 0.1.5 18.34 216.75 235.09 OK
r-devel-linux-x86_64-debian-gcc 0.1.5 14.22 169.81 184.03 OK
r-devel-linux-x86_64-fedora-clang 0.1.5 283.66 NOTE
r-devel-linux-x86_64-fedora-gcc 0.1.5 265.56 NOTE
r-devel-windows-ix86+x86_64 0.1.5 31.00 236.00 267.00 OK
r-patched-linux-x86_64 0.1.5 14.17 195.11 209.28 OK
r-patched-solaris-x86 0.1.5 341.60 NOTE
r-release-linux-x86_64 0.1.5 13.57 195.50 209.07 OK
r-release-windows-ix86+x86_64 0.1.5 33.00 271.00 304.00 OK
r-release-osx-x86_64 0.1.4 WARN
r-oldrel-windows-ix86+x86_64 0.1.5 17.00 247.00 264.00 OK
r-oldrel-osx-x86_64 0.1.4 WARN

Check Details

Version: 0.1.5
Check: dependencies in R code
Result: NOTE
    Namespace in Imports field not imported from: ‘RcppRoll’
     All declared Imports should be used.
Flavors: r-devel-linux-x86_64-fedora-clang, r-devel-linux-x86_64-fedora-gcc, r-patched-solaris-x86

Version: 0.1.4
Check: dependencies in R code
Result: NOTE
    Namespace in Imports field not imported from: ‘RcppRoll’
     All declared Imports should be used.
Flavors: r-release-osx-x86_64, r-oldrel-osx-x86_64

Version: 0.1.4
Check: Rd cross-references
Result: WARN
    Missing link or links in documentation object 'step_nnmf.Rd':
     ‘[dimRed:NNMF]{dimRed::NNMF()}’
    
    See section 'Cross-references' in the 'Writing R Extensions' manual.
Flavors: r-release-osx-x86_64, r-oldrel-osx-x86_64