Last updated on 2019-03-27 00:48:12 CET.
Flavor | Version | Tinstall | Tcheck | Ttotal | Status | Flags |
---|---|---|---|---|---|---|
r-devel-linux-x86_64-debian-clang | 1.0.1 | 21.35 | 154.66 | 176.01 | OK | |
r-devel-linux-x86_64-debian-gcc | 1.0.1 | 14.97 | 108.07 | 123.04 | OK | |
r-devel-linux-x86_64-fedora-clang | 1.0.1 | 217.86 | NOTE | |||
r-devel-linux-x86_64-fedora-gcc | 1.0.1 | 192.41 | NOTE | |||
r-devel-windows-ix86+x86_64 | 1.0.1 | 63.00 | 190.00 | 253.00 | OK | |
r-patched-linux-x86_64 | 1.0.1 | 19.89 | 136.43 | 156.32 | OK | |
r-patched-solaris-x86 | 1.0.1 | 206.90 | NOTE | |||
r-release-linux-x86_64 | 1.0.1 | 17.08 | 138.46 | 155.54 | OK | |
r-release-windows-ix86+x86_64 | 1.0.1 | 54.00 | 195.00 | 249.00 | OK | |
r-release-osx-x86_64 | 1.0.1 | NOTE | ||||
r-oldrel-windows-ix86+x86_64 | 1.0.1 | 42.00 | 250.00 | 292.00 | OK | |
r-oldrel-osx-x86_64 | 1.0.1 | NOTE |
Version: 1.0.1
Check: data for non-ASCII characters
Result: NOTE
Note: found 1036 marked UTF-8 strings
Flavors: r-devel-linux-x86_64-fedora-clang, r-devel-linux-x86_64-fedora-gcc, r-patched-solaris-x86, r-release-osx-x86_64, r-oldrel-osx-x86_64