Last updated on 2019-03-27 00:48:12 CET.
Flavor | Version | Tinstall | Tcheck | Ttotal | Status | Flags |
---|---|---|---|---|---|---|
r-devel-linux-x86_64-debian-clang | 0.2-9 | 40.74 | 40.37 | 81.11 | OK | |
r-devel-linux-x86_64-debian-gcc | 0.2-9 | 33.15 | 31.64 | 64.79 | OK | |
r-devel-linux-x86_64-fedora-clang | 0.2-9 | 117.15 | NOTE | |||
r-devel-linux-x86_64-fedora-gcc | 0.2-9 | 106.05 | NOTE | |||
r-devel-windows-ix86+x86_64 | 0.2-9 | 121.00 | 78.00 | 199.00 | OK | |
r-patched-linux-x86_64 | 0.2-9 | 40.61 | 38.08 | 78.69 | OK | |
r-patched-solaris-x86 | 0.2-9 | 115.00 | NOTE | |||
r-release-linux-x86_64 | 0.2-9 | 34.68 | 38.14 | 72.82 | OK | |
r-release-windows-ix86+x86_64 | 0.2-9 | 112.00 | 74.00 | 186.00 | OK | |
r-release-osx-x86_64 | 0.2-9 | NOTE | ||||
r-oldrel-windows-ix86+x86_64 | 0.2-9 | 91.00 | 96.00 | 187.00 | OK | |
r-oldrel-osx-x86_64 | 0.2-9 | NOTE |
Version: 0.2-9
Check: dependencies in R code
Result: NOTE
Namespace in Imports field not imported from: ‘Rcpp’
All declared Imports should be used.
Flavors: r-devel-linux-x86_64-fedora-clang, r-devel-linux-x86_64-fedora-gcc, r-patched-solaris-x86, r-release-osx-x86_64, r-oldrel-osx-x86_64