CRAN Package Check Results for Package remindR

Last updated on 2019-03-27 00:48:12 CET.

Flavor Version Tinstall Tcheck Ttotal Status Flags
r-devel-linux-x86_64-debian-clang 0.0.1 1.45 19.26 20.71 OK
r-devel-linux-x86_64-debian-gcc 0.0.1 1.23 15.80 17.03 OK
r-devel-linux-x86_64-fedora-clang 0.0.1 26.08 OK
r-devel-linux-x86_64-fedora-gcc 0.0.1 24.39 OK
r-devel-windows-ix86+x86_64 0.0.1 7.00 50.00 57.00 OK
r-patched-linux-x86_64 0.0.1 0.81 17.95 18.76 NOTE
r-patched-solaris-x86 0.0.1 34.80 OK
r-release-linux-x86_64 0.0.1 0.74 17.82 18.56 NOTE
r-release-windows-ix86+x86_64 0.0.1 3.00 39.00 42.00 OK
r-release-osx-x86_64 0.0.1 OK
r-oldrel-windows-ix86+x86_64 0.0.1 2.00 32.00 34.00 OK
r-oldrel-osx-x86_64 0.0.1 OK

Check Details

Version: 0.0.1
Check: DESCRIPTION meta-information
Result: NOTE
    Dependence on R version ‘3.3.2’ not with patchlevel 0
Flavors: r-patched-linux-x86_64, r-release-linux-x86_64