Last updated on 2019-03-27 00:48:12 CET.
Flavor | Version | Tinstall | Tcheck | Ttotal | Status | Flags |
---|---|---|---|---|---|---|
r-devel-linux-x86_64-debian-clang | 0.2.1 | 2.91 | 31.08 | 33.99 | OK | |
r-devel-linux-x86_64-debian-gcc | 0.2.1 | 2.33 | 25.10 | 27.43 | OK | |
r-devel-linux-x86_64-fedora-clang | 0.2.1 | 41.90 | NOTE | |||
r-devel-linux-x86_64-fedora-gcc | 0.2.1 | 40.90 | NOTE | |||
r-devel-windows-ix86+x86_64 | 0.2.1 | 11.00 | 71.00 | 82.00 | OK | |
r-patched-linux-x86_64 | 0.2.1 | 2.36 | 29.38 | 31.74 | OK | |
r-patched-solaris-x86 | 0.2.1 | 61.40 | NOTE | |||
r-release-linux-x86_64 | 0.2.1 | 1.70 | 29.26 | 30.96 | OK | |
r-release-windows-ix86+x86_64 | 0.2.1 | 6.00 | 56.00 | 62.00 | OK | |
r-release-osx-x86_64 | 0.2.1 | NOTE | ||||
r-oldrel-windows-ix86+x86_64 | 0.2.1 | 4.00 | 46.00 | 50.00 | OK | |
r-oldrel-osx-x86_64 | 0.2.1 | NOTE |
Version: 0.2.1
Check: dependencies in R code
Result: NOTE
Namespace in Imports field not imported from: ‘tools’
All declared Imports should be used.
Flavors: r-devel-linux-x86_64-fedora-clang, r-devel-linux-x86_64-fedora-gcc, r-patched-solaris-x86, r-release-osx-x86_64, r-oldrel-osx-x86_64