Last updated on 2019-03-27 00:48:12 CET.
Flavor | Version | Tinstall | Tcheck | Ttotal | Status | Flags |
---|---|---|---|---|---|---|
r-devel-linux-x86_64-debian-clang | 0.2.1 | 4.94 | 42.97 | 47.91 | WARN | |
r-devel-linux-x86_64-debian-gcc | 0.2.1 | 4.15 | 33.85 | 38.00 | OK | |
r-devel-linux-x86_64-fedora-clang | 0.2.1 | 57.39 | OK | |||
r-devel-linux-x86_64-fedora-gcc | 0.2.1 | 54.77 | OK | |||
r-devel-windows-ix86+x86_64 | 0.2.1 | 8.00 | 57.00 | 65.00 | OK | |
r-patched-linux-x86_64 | 0.2.1 | 2.79 | 41.29 | 44.08 | OK | |
r-patched-solaris-x86 | 0.2.1 | 75.70 | OK | |||
r-release-linux-x86_64 | 0.2.1 | 4.00 | 41.41 | 45.41 | OK | |
r-release-windows-ix86+x86_64 | 0.2.1 | 9.00 | 71.00 | 80.00 | OK | |
r-release-osx-x86_64 | 0.2.1 | OK | ||||
r-oldrel-windows-ix86+x86_64 | 0.2.1 | 4.00 | 61.00 | 65.00 | OK | |
r-oldrel-osx-x86_64 | 0.2.1 | OK |
Version: 0.2.1
Check: whether package can be installed
Result: WARN
Found the following significant warnings:
Warning: unable to re-encode 'data.R' line 208
Flavor: r-devel-linux-x86_64-debian-clang