Last updated on 2019-03-27 00:48:12 CET.
Flavor | Version | Tinstall | Tcheck | Ttotal | Status | Flags |
---|---|---|---|---|---|---|
r-devel-linux-x86_64-debian-clang | 0.8.8 | 3.79 | 30.49 | 34.28 | OK | |
r-devel-linux-x86_64-debian-gcc | 0.8.8 | 2.92 | 24.40 | 27.32 | OK | |
r-devel-linux-x86_64-fedora-clang | 0.8.8 | 41.38 | OK | |||
r-devel-linux-x86_64-fedora-gcc | 0.8.8 | 39.59 | OK | |||
r-devel-windows-ix86+x86_64 | 0.8.8 | 9.00 | 45.00 | 54.00 | OK | |
r-patched-linux-x86_64 | 0.8.8 | 2.93 | 32.16 | 35.09 | OK | |
r-patched-solaris-x86 | 0.8.8 | 59.90 | OK | |||
r-release-linux-x86_64 | 0.8.8 | 2.60 | 31.88 | 34.48 | OK | |
r-release-windows-ix86+x86_64 | 0.8.8 | 6.00 | 63.00 | 69.00 | OK | |
r-release-osx-x86_64 | 0.8.8 | NOTE | ||||
r-oldrel-windows-ix86+x86_64 | 0.8.8 | 4.00 | 45.00 | 49.00 | NOTE | |
r-oldrel-osx-x86_64 | 0.8.8 | NOTE |
Version: 0.8.8
Check: Rd \usage sections
Result: NOTE
S3 methods shown with full name in documentation object 'all.vars.character':
‘all.vars.character’
The \usage entries for S3 methods should use the \method markup and not
their full name.
See chapter ‘Writing R documentation files’ in the ‘Writing R
Extensions’ manual.
Flavors: r-release-osx-x86_64, r-oldrel-windows-ix86+x86_64, r-oldrel-osx-x86_64