CRAN Package Check Results for Package rnn

Last updated on 2019-03-27 00:48:13 CET.

Flavor Version Tinstall Tcheck Ttotal Status Flags
r-devel-linux-x86_64-debian-clang 0.8.1 4.91 199.13 204.04 ERROR
r-devel-linux-x86_64-debian-gcc 0.8.1 3.56 140.71 144.27 ERROR
r-devel-linux-x86_64-fedora-clang 0.8.1 246.52 ERROR
r-devel-linux-x86_64-fedora-gcc 0.8.1 238.60 ERROR
r-devel-windows-ix86+x86_64 0.8.1 10.00 264.00 274.00 ERROR
r-patched-linux-x86_64 0.8.1 3.21 188.10 191.31 ERROR
r-patched-solaris-x86 0.8.1 286.60 OK
r-release-linux-x86_64 0.8.1 3.00 182.99 185.99 ERROR
r-release-windows-ix86+x86_64 0.8.1 12.00 217.00 229.00 OK
r-release-osx-x86_64 0.8.1 OK
r-oldrel-windows-ix86+x86_64 0.8.1 5.00 296.00 301.00 OK
r-oldrel-osx-x86_64 0.8.1 OK

Additional issues

ATLAS MKL

Check Details

Version: 0.8.1
Check: tests
Result: ERROR
     Running 'testthat.R' [9s/9s]
    Running the tests in 'tests/testthat.R' failed.
    Complete output:
     > library(testthat)
     > library(rnn)
     >
     > test_check("rnn")
     -- 1. Failure: (unknown) (@test_rnn.R#66) -------------------------------------
     sum(bin2int(B)) not equal to 888626.
     1/1 mismatches
     [1] 280452 - 888626 == -608174
    
     == testthat results ===========================================================
     OK: 0 SKIPPED: 0 FAILED: 1
     1. Failure: (unknown) (@test_rnn.R#66)
    
     Error: testthat unit tests failed
     Execution halted
Flavor: r-devel-linux-x86_64-debian-clang

Version: 0.8.1
Check: tests
Result: ERROR
     Running ‘testthat.R’ [7s/10s]
    Running the tests in ‘tests/testthat.R’ failed.
    Complete output:
     > library(testthat)
     > library(rnn)
     >
     > test_check("rnn")
     ── 1. Failure: (unknown) (@test_rnn.R#66) ─────────────────────────────────────
     sum(bin2int(B)) not equal to 888626.
     1/1 mismatches
     [1] 258488 - 888626 == -630138
    
     ══ testthat results ═══════════════════════════════════════════════════════════
     OK: 0 SKIPPED: 0 FAILED: 1
     1. Failure: (unknown) (@test_rnn.R#66)
    
     Error: testthat unit tests failed
     Execution halted
Flavor: r-devel-linux-x86_64-debian-gcc

Version: 0.8.1
Check: tests
Result: ERROR
     Running ‘testthat.R’ [11s/26s]
    Running the tests in ‘tests/testthat.R’ failed.
    Complete output:
     > library(testthat)
     > library(rnn)
     >
     > test_check("rnn")
     ── 1. Failure: (unknown) (@test_rnn.R#66) ─────────────────────────────────────
     sum(bin2int(B)) not equal to 888626.
     1/1 mismatches
     [1] 374720 - 888626 == -513906
    
     ══ testthat results ═══════════════════════════════════════════════════════════
     OK: 0 SKIPPED: 0 FAILED: 1
     1. Failure: (unknown) (@test_rnn.R#66)
    
     Error: testthat unit tests failed
     Execution halted
Flavor: r-devel-linux-x86_64-fedora-clang

Version: 0.8.1
Check: tests
Result: ERROR
     Running ‘testthat.R’ [11s/13s]
    Running the tests in ‘tests/testthat.R’ failed.
    Complete output:
     > library(testthat)
     > library(rnn)
     >
     > test_check("rnn")
     ── 1. Failure: (unknown) (@test_rnn.R#66) ─────────────────────────────────────
     sum(bin2int(B)) not equal to 888626.
     1/1 mismatches
     [1] 374720 - 888626 == -513906
    
     ══ testthat results ═══════════════════════════════════════════════════════════
     OK: 0 SKIPPED: 0 FAILED: 1
     1. Failure: (unknown) (@test_rnn.R#66)
    
     Error: testthat unit tests failed
     Execution halted
Flavor: r-devel-linux-x86_64-fedora-gcc

Version: 0.8.1
Check: tests
Result: ERROR
     Running 'testthat.R' [14s]
    Running the tests in 'tests/testthat.R' failed.
    Complete output:
     > library(testthat)
     > library(rnn)
     >
     > test_check("rnn")
     -- 1. Failure: (unknown) (@test_rnn.R#66) -------------------------------------
     sum(bin2int(B)) not equal to 888626.
     1/1 mismatches
     [1] 209284 - 888626 == -679342
    
     == testthat results ===========================================================
     OK: 0 SKIPPED: 0 FAILED: 1
     1. Failure: (unknown) (@test_rnn.R#66)
    
     Error: testthat unit tests failed
     Execution halted
Flavor: r-devel-windows-ix86+x86_64

Version: 0.8.1
Check: tests
Result: ERROR
     Running ‘testthat.R’ [9s/10s]
    Running the tests in ‘tests/testthat.R’ failed.
    Complete output:
     > library(testthat)
     > library(rnn)
     >
     > test_check("rnn")
     ── 1. Failure: (unknown) (@test_rnn.R#66) ─────────────────────────────────────
     sum(bin2int(B)) not equal to 888626.
     1/1 mismatches
     [1] 995608 - 888626 == 106982
    
     ══ testthat results ═══════════════════════════════════════════════════════════
     OK: 0 SKIPPED: 0 FAILED: 1
     1. Failure: (unknown) (@test_rnn.R#66)
    
     Error: testthat unit tests failed
     Execution halted
Flavor: r-patched-linux-x86_64

Version: 0.8.1
Check: tests
Result: ERROR
     Running ‘testthat.R’ [8s/9s]
    Running the tests in ‘tests/testthat.R’ failed.
    Complete output:
     > library(testthat)
     > library(rnn)
     >
     > test_check("rnn")
     ── 1. Failure: (unknown) (@test_rnn.R#66) ─────────────────────────────────────
     sum(bin2int(B)) not equal to 888626.
     1/1 mismatches
     [1] 995608 - 888626 == 106982
    
     ══ testthat results ═══════════════════════════════════════════════════════════
     OK: 0 SKIPPED: 0 FAILED: 1
     1. Failure: (unknown) (@test_rnn.R#66)
    
     Error: testthat unit tests failed
     Execution halted
Flavor: r-release-linux-x86_64