Last updated on 2019-03-27 00:48:13 CET.
Flavor | Version | Tinstall | Tcheck | Ttotal | Status | Flags |
---|---|---|---|---|---|---|
r-devel-linux-x86_64-debian-clang | 2.3 | 197.82 | 286.44 | 484.26 | OK | |
r-devel-linux-x86_64-debian-gcc | 2.3 | 171.68 | 226.89 | 398.57 | OK | |
r-devel-linux-x86_64-fedora-clang | 2.3 | 704.18 | NOTE | |||
r-devel-linux-x86_64-fedora-gcc | 2.3 | 652.03 | OK | |||
r-devel-windows-ix86+x86_64 | 2.3 | 425.00 | 408.00 | 833.00 | OK | |
r-patched-linux-x86_64 | 2.3 | 200.29 | 284.56 | 484.85 | OK | |
r-patched-solaris-x86 | 2.3 | 644.30 | OK | |||
r-release-linux-x86_64 | 2.3 | 201.44 | 284.86 | 486.30 | OK | |
r-release-windows-ix86+x86_64 | 2.3 | 527.00 | 547.00 | 1074.00 | OK | |
r-release-osx-x86_64 | 2.3 | NOTE | ||||
r-oldrel-windows-ix86+x86_64 | 2.3 | 404.00 | 583.00 | 987.00 | OK | |
r-oldrel-osx-x86_64 | 2.3 | NOTE |
Version: 2.3
Check: installed package size
Result: NOTE
installed size is 31.8Mb
sub-directories of 1Mb or more:
libs 30.8Mb
Flavors: r-devel-linux-x86_64-fedora-clang, r-release-osx-x86_64, r-oldrel-osx-x86_64