CRAN Package Check Results for Package rocTree

Last updated on 2019-03-27 00:48:13 CET.

Flavor Version Tinstall Tcheck Ttotal Status Flags
r-devel-linux-x86_64-debian-clang 1.0.0 17.91 111.66 129.57 OK
r-devel-linux-x86_64-debian-gcc 1.0.0 14.90 87.93 102.83 OK
r-devel-linux-x86_64-fedora-clang 1.0.0 167.84 OK
r-devel-linux-x86_64-fedora-gcc 1.0.0 152.65 OK
r-devel-windows-ix86+x86_64 1.0.0 65.00 244.00 309.00 OK
r-patched-linux-x86_64 1.0.0 15.62 106.88 122.50 OK
r-patched-solaris-x86 1.0.0 226.10 OK
r-release-linux-x86_64 1.0.0 10.86 107.60 118.46 OK
r-oldrel-windows-ix86+x86_64 1.0.0 17.00 6.00 23.00 ERROR

Check Details

Version: 1.0.0
Check: whether package can be installed
Result: ERROR
    Installation failed.
Flavor: r-oldrel-windows-ix86+x86_64