CRAN Package Check Results for Package rodham

Last updated on 2019-03-27 00:48:13 CET.

Flavor Version Tinstall Tcheck Ttotal Status Flags
r-devel-linux-x86_64-debian-clang 0.1.1 3.56 31.58 35.14 OK
r-devel-linux-x86_64-debian-gcc 0.1.1 3.00 26.47 29.47 OK
r-devel-linux-x86_64-fedora-clang 0.1.1 45.96 NOTE
r-devel-linux-x86_64-fedora-gcc 0.1.1 46.37 NOTE
r-devel-windows-ix86+x86_64 0.1.1 7.00 45.00 52.00 OK
r-patched-linux-x86_64 0.1.1 2.50 30.46 32.96 OK
r-patched-solaris-x86 0.1.1 63.70 NOTE
r-release-linux-x86_64 0.1.1 2.19 30.53 32.72 OK
r-release-windows-ix86+x86_64 0.1.1 9.00 45.00 54.00 OK
r-release-osx-x86_64 0.1.1 NOTE
r-oldrel-windows-ix86+x86_64 0.1.1 5.00 59.00 64.00 OK
r-oldrel-osx-x86_64 0.1.1 NOTE

Check Details

Version: 0.1.1
Check: dependencies in R code
Result: NOTE
    Namespace in Imports field not imported from: ‘stringr’
     All declared Imports should be used.
Flavors: r-devel-linux-x86_64-fedora-clang, r-devel-linux-x86_64-fedora-gcc, r-patched-solaris-x86, r-release-osx-x86_64, r-oldrel-osx-x86_64

Version: 0.1.1
Check: data for non-ASCII characters
Result: NOTE
     Note: found 59 marked UTF-8 strings
Flavors: r-devel-linux-x86_64-fedora-clang, r-devel-linux-x86_64-fedora-gcc, r-patched-solaris-x86, r-release-osx-x86_64, r-oldrel-osx-x86_64