Last updated on 2019-03-27 00:48:14 CET.
Flavor | Version | Tinstall | Tcheck | Ttotal | Status | Flags |
---|---|---|---|---|---|---|
r-devel-linux-x86_64-debian-clang | 0.1.3 | 2.46 | 32.76 | 35.22 | OK | |
r-devel-linux-x86_64-debian-gcc | 0.1.3 | 2.07 | 25.60 | 27.67 | OK | |
r-devel-linux-x86_64-fedora-clang | 0.1.3 | 44.34 | NOTE | |||
r-devel-linux-x86_64-fedora-gcc | 0.1.3 | 43.09 | NOTE | |||
r-devel-windows-ix86+x86_64 | 0.1.3 | 8.00 | 45.00 | 53.00 | OK | |
r-patched-linux-x86_64 | 0.1.3 | 1.51 | 35.52 | 37.03 | OK | |
r-patched-solaris-x86 | 0.1.3 | 64.80 | NOTE | |||
r-release-linux-x86_64 | 0.1.3 | 1.41 | 34.95 | 36.36 | OK | |
r-release-windows-ix86+x86_64 | 0.1.3 | 6.00 | 50.00 | 56.00 | OK | |
r-release-osx-x86_64 | 0.1.3 | NOTE | ||||
r-oldrel-windows-ix86+x86_64 | 0.1.3 | 3.00 | 68.00 | 71.00 | OK | |
r-oldrel-osx-x86_64 | 0.1.3 | NOTE |
Version: 0.1.3
Check: dependencies in R code
Result: NOTE
Namespace in Imports field not imported from: ‘abind’
All declared Imports should be used.
Flavors: r-devel-linux-x86_64-fedora-clang, r-devel-linux-x86_64-fedora-gcc, r-patched-solaris-x86, r-release-osx-x86_64, r-oldrel-osx-x86_64