CRAN Package Check Results for Package rstantools

Last updated on 2019-03-27 00:48:14 CET.

Flavor Version Tinstall Tcheck Ttotal Status Flags
r-devel-linux-x86_64-debian-clang 1.5.1 1.84 24.96 26.80 OK
r-devel-linux-x86_64-debian-gcc 1.5.1 1.66 20.24 21.90 OK
r-devel-linux-x86_64-fedora-clang 1.5.1 33.55 OK
r-devel-linux-x86_64-fedora-gcc 1.5.1 33.68 OK
r-devel-windows-ix86+x86_64 1.5.1 7.00 38.00 45.00 OK
r-patched-linux-x86_64 1.5.1 0.98 22.57 23.55 OK
r-patched-solaris-x86 1.5.1 42.90 WARN
r-release-linux-x86_64 1.5.1 1.26 22.28 23.54 OK
r-release-windows-ix86+x86_64 1.5.1 6.00 38.00 44.00 OK
r-release-osx-x86_64 1.5.1 WARN
r-oldrel-windows-ix86+x86_64 1.5.1 3.00 55.00 58.00 OK
r-oldrel-osx-x86_64 1.5.1 WARN

Check Details

Version: 1.5.1
Check: re-building of vignette outputs
Result: WARN
    Error in re-building vignettes:
     ...
    Warning in engine$weave(file, quiet = quiet, encoding = enc) :
     Pandoc (>= 1.12.3) and/or pandoc-citeproc not available. Falling back to R Markdown v1.
    Warning in engine$weave(file, quiet = quiet, encoding = enc) :
     Pandoc (>= 1.12.3) and/or pandoc-citeproc not available. Falling back to R Markdown v1.
    Quitting from lines 17-22 (minimal-rstan-package.Rmd)
    Error: processing vignette 'minimal-rstan-package.Rmd' failed with diagnostics:
    object 'params' not found
    Execution halted
Flavors: r-patched-solaris-x86, r-release-osx-x86_64, r-oldrel-osx-x86_64