Last updated on 2019-03-27 00:48:14 CET.
Flavor | Version | Tinstall | Tcheck | Ttotal | Status | Flags |
---|---|---|---|---|---|---|
r-devel-linux-x86_64-debian-clang | 1.0.3 | 554.53 | 219.29 | 773.82 | WARN | |
r-devel-linux-x86_64-debian-gcc | 1.0.3 | 567.60 | 185.03 | 752.63 | NOTE | |
r-devel-linux-x86_64-fedora-clang | 1.0.3 | 1175.00 | NOTE | |||
r-devel-linux-x86_64-fedora-gcc | 1.0.3 | 1074.31 | NOTE | |||
r-devel-windows-ix86+x86_64 | 1.0.3 | 935.00 | 432.00 | 1367.00 | NOTE | |
r-patched-linux-x86_64 | 1.0.3 | 633.87 | 243.51 | 877.38 | NOTE | |
r-patched-solaris-x86 | 1.0.3 | 981.20 | NOTE | |||
r-release-linux-x86_64 | 1.0.3 | 623.33 | 229.06 | 852.39 | NOTE | |
r-release-windows-ix86+x86_64 | 1.0.3 | 1107.00 | 469.00 | 1576.00 | NOTE | |
r-release-osx-x86_64 | 1.0.3 | NOTE | ||||
r-oldrel-windows-ix86+x86_64 | 1.0.3 | 912.00 | 512.00 | 1424.00 | NOTE | |
r-oldrel-osx-x86_64 | 1.0.3 | NOTE |
Version: 1.0.3
Check: whether package can be installed
Result: WARN
Found the following significant warnings:
Warning: unable to re-encode 'rstap-package.R' line 26
Flavor: r-devel-linux-x86_64-debian-clang
Version: 1.0.3
Check: for GNU extensions in Makefiles
Result: NOTE
GNU make is a SystemRequirements.
Flavors: r-devel-linux-x86_64-debian-clang, r-devel-linux-x86_64-debian-gcc, r-devel-linux-x86_64-fedora-clang, r-devel-linux-x86_64-fedora-gcc, r-devel-windows-ix86+x86_64, r-patched-linux-x86_64, r-patched-solaris-x86, r-release-linux-x86_64, r-release-windows-ix86+x86_64, r-release-osx-x86_64, r-oldrel-windows-ix86+x86_64, r-oldrel-osx-x86_64
Version: 1.0.3
Check: installed package size
Result: NOTE
installed size is 80.9Mb
sub-directories of 1Mb or more:
libs 79.7Mb
Flavors: r-devel-linux-x86_64-fedora-clang, r-devel-windows-ix86+x86_64, r-patched-solaris-x86, r-release-windows-ix86+x86_64, r-release-osx-x86_64, r-oldrel-windows-ix86+x86_64, r-oldrel-osx-x86_64
Version: 1.0.3
Check: dependencies in R code
Result: NOTE
Namespace in Imports field not imported from: ‘loo’
All declared Imports should be used.
Flavors: r-devel-linux-x86_64-fedora-clang, r-devel-linux-x86_64-fedora-gcc, r-patched-solaris-x86, r-release-osx-x86_64, r-oldrel-osx-x86_64