CRAN Package Check Results for Package rsvg

Last updated on 2019-03-27 00:48:14 CET.

Flavor Version Tinstall Tcheck Ttotal Status Flags
r-devel-linux-x86_64-debian-clang 1.3 2.35 22.73 25.08 OK
r-devel-linux-x86_64-debian-gcc 1.3 1.91 18.37 20.28 OK
r-devel-linux-x86_64-fedora-clang 1.3 31.85 OK
r-devel-linux-x86_64-fedora-gcc 1.3 30.40 OK
r-devel-windows-ix86+x86_64 1.3 40.00 135.00 175.00 NOTE
r-patched-linux-x86_64 1.3 1.70 21.17 22.87 OK
r-release-linux-x86_64 1.3 1.67 21.30 22.97 OK
r-release-windows-ix86+x86_64 1.3 41.00 110.00 151.00 NOTE
r-release-osx-x86_64 1.3 NOTE
r-oldrel-windows-ix86+x86_64 1.3 30.00 125.00 155.00 NOTE
r-oldrel-osx-x86_64 1.3 NOTE

Check Details

Version: 1.3
Check: installed package size
Result: NOTE
     installed size is 17.5Mb
     sub-directories of 1Mb or more:
     libs 17.4Mb
Flavors: r-devel-windows-ix86+x86_64, r-release-windows-ix86+x86_64, r-release-osx-x86_64, r-oldrel-windows-ix86+x86_64, r-oldrel-osx-x86_64