CRAN Package Check Results for Package sBIC

Last updated on 2019-03-27 00:48:15 CET.

Flavor Version Tinstall Tcheck Ttotal Status Flags
r-devel-linux-x86_64-debian-clang 0.2.0 17.12 162.26 179.38 OK
r-devel-linux-x86_64-debian-gcc 0.2.0 14.46 122.44 136.90 OK
r-devel-linux-x86_64-fedora-clang 0.2.0 233.13 NOTE
r-devel-linux-x86_64-fedora-gcc 0.2.0 209.16 NOTE
r-devel-windows-ix86+x86_64 0.2.0 35.00 229.00 264.00 OK
r-patched-linux-x86_64 0.2.0 17.53 161.31 178.84 OK
r-patched-solaris-x86 0.2.0 261.30 OK
r-release-linux-x86_64 0.2.0 14.26 157.94 172.20 OK
r-release-windows-ix86+x86_64 0.2.0 43.00 200.00 243.00 OK
r-release-osx-x86_64 0.2.0 OK
r-oldrel-windows-ix86+x86_64 0.2.0 31.00 308.00 339.00 OK
r-oldrel-osx-x86_64 0.2.0 OK

Check Details

Version: 0.2.0
Check: compiled code
Result: NOTE
    File ‘sBIC/libs/sBIC.so’:
     Found no calls to: ‘R_registerRoutines’, ‘R_useDynamicSymbols’
    
    It is good practice to register native routines and to disable symbol
    search.
    
    See ‘Writing portable packages’ in the ‘Writing R Extensions’ manual.
Flavors: r-devel-linux-x86_64-fedora-clang, r-devel-linux-x86_64-fedora-gcc