Last updated on 2019-03-27 00:48:14 CET.
Flavor | Version | Tinstall | Tcheck | Ttotal | Status | Flags |
---|---|---|---|---|---|---|
r-devel-linux-x86_64-debian-clang | 0.7.3 | 5.44 | 46.79 | 52.23 | OK | |
r-devel-linux-x86_64-debian-gcc | 0.7.3 | 4.29 | 37.41 | 41.70 | OK | |
r-devel-linux-x86_64-fedora-clang | 0.7.3 | 64.96 | OK | |||
r-devel-linux-x86_64-fedora-gcc | 0.7.3 | 60.40 | OK | |||
r-devel-windows-ix86+x86_64 | 0.7.3 | 12.00 | 66.00 | 78.00 | OK | |
r-patched-linux-x86_64 | 0.7.3 | 3.22 | 45.49 | 48.71 | OK | |
r-patched-solaris-x86 | 0.7.3 | 85.70 | NOTE | |||
r-release-linux-x86_64 | 0.7.3 | 3.87 | 45.68 | 49.55 | OK | |
r-release-windows-ix86+x86_64 | 0.7.3 | 11.00 | 91.00 | 102.00 | OK | |
r-release-osx-x86_64 | 0.7.3 | OK | ||||
r-oldrel-osx-x86_64 | 0.7.3 | ERROR |
Version: 0.7.3
Check: installed package size
Result: NOTE
installed size is 5.0Mb
sub-directories of 1Mb or more:
doc 3.6Mb
Flavor: r-patched-solaris-x86
Version: 0.7.3
Check: whether package can be installed
Result: ERROR
Installation failed.
Flavor: r-oldrel-osx-x86_64