CRAN Package Check Results for Package salesforcer

Last updated on 2019-03-27 00:48:14 CET.

Flavor Version Tinstall Tcheck Ttotal Status Flags
r-devel-linux-x86_64-debian-clang 0.1.2 11.10 83.24 94.34 WARN
r-devel-linux-x86_64-debian-gcc 0.1.2 10.13 65.28 75.41 OK
r-devel-linux-x86_64-fedora-clang 0.1.2 117.75 OK
r-devel-linux-x86_64-fedora-gcc 0.1.2 107.32 OK
r-devel-windows-ix86+x86_64 0.1.2 21.00 96.00 117.00 OK
r-patched-linux-x86_64 0.1.2 10.22 81.95 92.17 OK
r-patched-solaris-x86 0.1.2 163.90 OK
r-release-linux-x86_64 0.1.2 6.67 81.78 88.45 OK
r-release-windows-ix86+x86_64 0.1.2 27.00 99.00 126.00 OK
r-release-osx-x86_64 0.1.2 OK
r-oldrel-windows-ix86+x86_64 0.1.2 13.00 140.00 153.00 OK
r-oldrel-osx-x86_64 0.1.2 OK

Check Details

Version: 0.1.2
Check: whether package can be installed
Result: WARN
    Found the following significant warnings:
     Warning: unable to re-encode 'create.R' line 3
     Warning: unable to re-encode 'delete.R' line 3
     Warning: unable to re-encode 'retrieve.R' line 3
     Warning: unable to re-encode 'search.R' lines 3, 152
     Warning: unable to re-encode 'update.R' line 3
     Warning: unable to re-encode 'upsert.R' line 3
     Warning: unable to re-encode 'utils-org.R' line 134
Flavor: r-devel-linux-x86_64-debian-clang