CRAN Package Check Results for Package scrubr

Last updated on 2019-03-27 00:48:15 CET.

Flavor Version Tinstall Tcheck Ttotal Status Flags
r-devel-linux-x86_64-debian-clang 0.1.1 6.99 62.07 69.06 OK
r-devel-linux-x86_64-debian-gcc 0.1.1 6.40 50.83 57.23 OK
r-devel-linux-x86_64-fedora-clang 0.1.1 85.25 OK
r-devel-linux-x86_64-fedora-gcc 0.1.1 80.82 OK
r-devel-windows-ix86+x86_64 0.1.1 19.00 96.00 115.00 OK
r-patched-linux-x86_64 0.1.1 4.35 59.99 64.34 OK
r-patched-solaris-x86 0.1.1 124.20 OK
r-release-linux-x86_64 0.1.1 4.46 59.88 64.34 OK
r-release-windows-ix86+x86_64 0.1.1 10.00 96.00 106.00 OK
r-release-osx-x86_64 0.1.1 OK
r-oldrel-windows-ix86+x86_64 0.1.1 8.00 104.00 112.00 OK
r-oldrel-osx-x86_64 0.1.1 NOTE

Check Details

Version: 0.1.1
Check: package dependencies
Result: NOTE
    Package suggested but not available for checking: ‘rgbif’
Flavor: r-oldrel-osx-x86_64