Last updated on 2019-03-27 00:48:15 CET.
Flavor | Version | Tinstall | Tcheck | Ttotal | Status | Flags |
---|---|---|---|---|---|---|
r-devel-linux-x86_64-debian-clang | 2.1.0 | 16.14 | 122.84 | 138.98 | OK | |
r-devel-linux-x86_64-debian-gcc | 2.1.0 | 11.45 | 95.91 | 107.36 | OK | |
r-devel-linux-x86_64-fedora-clang | 2.1.0 | 172.72 | OK | |||
r-devel-linux-x86_64-fedora-gcc | 2.1.0 | 167.37 | OK | |||
r-devel-windows-ix86+x86_64 | 2.1.0 | 31.00 | 248.00 | 279.00 | NOTE | |
r-patched-linux-x86_64 | 2.1.0 | 9.09 | 116.56 | 125.65 | OK | |
r-patched-solaris-x86 | 2.1.0 | 203.20 | OK | |||
r-release-linux-x86_64 | 2.1.0 | 11.22 | 115.35 | 126.57 | OK | |
r-release-windows-ix86+x86_64 | 2.1.0 | 34.00 | 209.00 | 243.00 | NOTE | |
r-release-osx-x86_64 | 2.1.0 | NOTE | ||||
r-oldrel-windows-ix86+x86_64 | 2.1.0 | 15.00 | 272.00 | 287.00 | NOTE | |
r-oldrel-osx-x86_64 | 2.1.0 | NOTE |
Version: 2.1.0
Check: installed package size
Result: NOTE
installed size is 5.7Mb
sub-directories of 1Mb or more:
doc 2.0Mb
libs 2.5Mb
Flavors: r-devel-windows-ix86+x86_64, r-release-windows-ix86+x86_64, r-release-osx-x86_64, r-oldrel-windows-ix86+x86_64, r-oldrel-osx-x86_64
Version: 2.1.0
Check: package dependencies
Result: NOTE
Package suggested but not available for checking: ‘rpanel’
Flavor: r-release-osx-x86_64